when 66 is divided by z(d)?
10
Suppose -7*p = -2*b - 12*p + 235, b - 100 = p. Suppose b = 7*i - 0*i. Calculate the remainder when (-526)/(-18) - 2/9 is divided by i.
14
Suppose -4 = -f, 5*f - 25 = -2*s - 3*s. Calculate the remainder when -51*35/14*(24/45)/(-1) is divided by 4*(6 - (2 + s)).
8
Let r be -99*(-4 + 30/9). Calculate the remainder when 6*4/((-8)/(-39)) is divided by 984/33 - (-12)/r.
27
Calculate the remainder when ((-6)/48 - -84*(-15)/160) + 248 is divided by 40.
0
What is the remainder when 3420 is divided by (-4 - 711/6)/(105/(-210))?
235
Let z(t) = t**3 - 3*t**2 - 2*t + 30. Let v be z(13). Suppose -21*g + v = -10*g. What is the remainder when g is divided by 16?
10
Let u(q) = -31*q - 31. Let w be u(-7). Calculate the remainder when 130 is divided by ((-4)/(-10))/(-1 - w/(-180)).
10
Suppose 2*d - 5*i - 29 = 0, 5*d - i = 6*d + 3. Suppose -85 = -d*r - 7. What is the remainder when r is divided by 21?
18
Let m(g) = 31*g**2 - 396*g + 781. Calculate the remainder when 6548 is divided by m(2).
107
Let b(d) = 15*d + 1653. Let q(t) = t**2 - 4*t + 5. Calculate the remainder when b(-109) is divided by q(5).
8
Suppose 0 = 3*u - 5*g - 60 - 49, 5*u + 4*g = 120. Let n = -47 - -52. What is the remainder when u is divided by n?
3
Suppose 138 = -5*y + 74*y. Suppose -t + 17 = 21, -4*t = y*h - 40. What is the remainder when 162 is divided by h?
22
Suppose 33*g - 20*g = -20*g + 156057. What is the remainder when g is divided by 19?
17
Let w = -296 + 288. Calculate the remainder when (-11)/((w + 6)/10) is divided by 3.
1
Suppose 0 = 20*f - 942 + 322. What is the remainder when 104 is divided by f?
11
Let v(x) = -15*x - 571. Calculate the remainder when 85 - ((-12)/4)/(-3) is divided by v(-41).
40
Let r = -31 + -16. Let d = r - -45. What is the remainder when (10/(-24) + d/8)*-156 is divided by 36?
32
Let n = 387 + -329. Suppose -44 = -60*v + n*v. What is the remainder when 55 is divided by v?
11
Suppose 5*s + 4*l + 62 = 3*l, 10 = -5*l. Calculate the remainder when 25 is divided by (2/(-2))/((s/102)/2).
8
Suppose 17*u - 13944 + 2826 = 0. Calculate the remainder when u is divided by 96.
78
Let p = -202 + 112. What is the remainder when 69 is divided by ((-1)/(-3))/(-3 - 273/p)?
9
Calculate the remainder when 1600 is divided by (((-3)/(-2))/(-3))/((-3)/(-90))*-3.
25
Let q = 8305 + -8294. Calculate the remainder when 3979 is divided by q.
8
What is the remainder when 472 is divided by 210/(-63) - -2 - ((-1308)/(-9))/(-4)?
17
What is the remainder when 6198 is divided by -9*(-3)/(108/124)?
29
Let d = -73 - -128. Let o = 37 + d. Suppose o = 6*k - 64. Calculate the remainder when 49 is divided by k.
23
Suppose g = -0*t + 3*t - 72, 0 = 2*t + 2*g - 56. Let b = -218 - -252. Suppose 0 = -x - 4*j + b + t, x - j = 84. Calculate the remainder when x is divided by 8.
7
Suppose -3*t + 8*t - 130 = 0. Suppose 8*u - 254 + 270 = 0. Calculate the remainder when t is divided by (285/475)/(u/(-30)).
8
Suppose -4*i = 2*n - 96, 4*i - 3*i = 3*n + 24. What is the remainder when 1540/231*((-49)/(-5) - -4) is divided by i?
20
Suppose -5*q = 5*a - 410, -4*q - 3*a + a + 324 = 0. Calculate the remainder when q is divided by (-51)/6*6*16/(-432)*9.
12
Let z(x) = x + 67. Let c be 2/(-10) - 8/(-40). Calculate the remainder when 601 is divided by z(c).
65
Suppose 3*y = 3*v + 48, -y - y - v = -32. Let x(r) = 113*r + 933. Calculate the remainder when x(-8) is divided by y.
13
Let j = -82325 - -82371. Calculate the remainder when j is divided by ((-4)/(-3))/(2/9).
4
Suppose -6 = 3*b - 63. Suppose -2*s + 7*s = 0. Suppose s*n - 3*n = -33. Calculate the remainder when b is divided by n.
8
Suppose -a - 42 + 367 = 3*m, 0 = -3*m + 21. Calculate the remainder when a is divided by 50.
4
Suppose -2*h + 264 = z, -5*h + 4*z + 649 = 2. What is the remainder when 141 is divided by h?
10
Let p = 83 - 56. Let s(h) = 398*h + 2943. What is the remainder when s(-7) is divided by p?
22
Let n be 35/10*(-4)/(-7). Suppose n*q - 613 = -4*p + 61, -p - q = -166. What is the remainder when p is divided by 58?
55
Let z(g) = 850*g + 92658. Let o(u) = u - 2. Let s be o(5). Suppose m + 28 - 80 = 3*i, -3*m = s*i - 168. What is the remainder when m is divided by z(-109)?
7
Suppose 1351*s - 1312*s - 4602 = 0. What is the remainder when 157 is divided by s?
39
Suppose -4*x - 10 = -38. Suppose x*k - 4*k + 96 = 0. Let w = k + 57. What is the remainder when 46 is divided by w?
21
Let l = 10713 + -10526. What is the remainder when 530 is divided by l?
156
Suppose -10*k = 63*k - 1387. Let j(r) = 112*r**3 - 1. What is the remainder when j(1) is divided by k?
16
Suppose -b + 4*l + 16 = 0, 3*l = b + 6*l + 5. Let c = -73 - -128. Suppose 2*p = 7*p - c. What is the remainder when p is divided by b?
3
Let g = -2162 + 2453. What is the remainder when g is divided by 130?
31
Let c(s) = -3*s - 15. Calculate the remainder when 24/(-44) - (-48707)/583 is divided by c(-15).
23
Suppose -4*l = -2*a + 4, -l - 15 = -4*a - 14. Let y(g) be the third derivative of g**5/2 + g**4/24 + g**2. Calculate the remainder when y(l) is divided by 15.
14
Let h = -3 + 75. Let i(q) = q**2 + 15*q + 21. Let n be i(-9). Let t = n + h. Calculate the remainder when t is divided by 6.
3
Suppose -30*q - 7*q = -64417. What is the remainder when 5231 is divided by q?
8
Suppose -3*r + 1616*u - 1611*u + 1646 = 0, r - 530 = -u. Calculate the remainder when r is divided by 104.
17
Suppose -591*n = -584*n - 49. Calculate the remainder when 256 is divided by n.
4
Suppose 0 = 157*m - 54*m - 24720. Calculate the remainder when m is divided by 31.
23
Suppose -33*i + 2005 = -206. What is the remainder when 370 is divided by i?
35
Calculate the remainder when (-104464)/(-40) - (-62)/155 is divided by 185.
22
Let y(l) = l**3 + 8*l**2 - 5*l + 3. Suppose -134 = 12*h - 38. Let u = 57 - 34. Calculate the remainder when y(h) is divided by u.
20
Let z = -733 + 1196. What is the remainder when z is divided by 154?
1
Let l be (-1 - 55/2)*(-280)/105. Suppose 257 + 115 = -6*a. Let j = l + a. Calculate the remainder when 54 is divided by j.
12
Suppose -358*r = -361*r + 6. Calculate the remainder when 268/(-12)*(1 + r)*-2 is divided by 15.
14
Let l(w) = -19*w - 130. Let r be l(-7). Suppose a + 9 = -r*q + 14, 0 = -4*a - 16. Let b(v) = -v - 2. What is the remainder when q is divided by b(-5)?
0
Suppose -29*u + 450 = -4*u. What is the remainder when 128 is divided by (0 - u)/((-46)/69)?
20
Let z(g) = -24*g + 785. What is the remainder when 330 is divided by z(30)?
5
Let k = -132 - -136. Calculate the remainder when 1/(6/48)*k is divided by 9.
5
Let b = -741 + 746. Calculate the remainder when 108 is divided by b.
3
Let f = 81200 - 81174. Suppose 3*c - 37 = 2*h - 8, 4*c + 5*h - 8 = 0. What is the remainder when f is divided by c?
5
Suppose 13*p - 8*p = -w + 33, 0 = w + 4*p - 33. Suppose 0 = -2*n - n + 189. What is the remainder when n is divided by w?
30
Let s(b) = -7*b + 155. Let v(q) = -q - 2. Let y(z) = s(z) - 5*v(z). What is the remainder when y(35) is divided by 8?
7
Suppose -516 = -4*h - 9*u + 13*u, 3*h = u + 381. Suppose 3*a = 0, 0*a + 3*a = 3*p - h. What is the remainder when 194 is divided by p?
26
What is the remainder when 310 is divided by ((-86)/10)/(((-9)/(-75))/(36/(-30)))?
52
Suppose 25 = 5*v - 0. Suppose -5*n + v*j = -30, -4*j + 0*j = -5*n + 29. Let b = 67 + -20. What is the remainder when b is divided by n?
2
Let w = 7060 + -6116. What is the remainder when w is divided by 234?
8
Suppose 3*q - 4*h = -48, h + h = 0. What is the remainder when (-234)/(-4) + 8/q is divided by 2/(-9) + 3080/252?
10
Calculate the remainder when 1852/8 - (10 + (-84)/8) is divided by 60.
52
Suppose -7154 = -19*l + 1016. What is the remainder when 863 is divided by l?
3
Let a = 2963 - 2941. Let m(s) be the first derivative of -2*s**2 - 7*s + 5. Calculate the remainder when a is divided by m(-4).
4
Let q(b) = 7*b**2 + 5*b + 2. Let v be q(8). Suppose v*r - 501*r + 10010 = 0. What is the remainder when r is divided by 38?
36
Let p be 0/(-1) - (-73 - -5). Suppose 8*b + 60 - p = 0. What is the remainder when b is divided by 1?
0
Let r(u) = 51*u**2 - 79*u + 15. What is the remainder when 6278 is divided by r(2)?
56
Let l = 207 - 129. Let i be (4/3)/(5/l)*-5. Let u = -88 - i. What is the remainder when 76 